, 0 = -2*z - 5*c + 6. Suppose -10*t = -48 + z. Suppose 0 = t*w - u - 3*u - 14408, 4*w - 14405 = u. Is w prime?
False
Let p be 30/35*(-7)/(-2). Suppose p = c - 3. Let b(n) = -n**2 + 9*n + 5. Is b(c) a prime number?
True
Let t = 76467 - 11218. Is t a composite number?
True
Let l(v) = 71*v**2 - 21*v + 37. Is l(3) composite?
False
Let x(m) = 68*m + 27*m - 261 + 84 - 194. Is x(52) a prime number?
False
Let m(u) = -u**3 - u**2 + 11*u - 14. Suppose 23 = z - 5*x, 151 = 4*z + 5*x - 16. Suppose -2*h = 4*l + 3*h + z, 4*h + 8 = 0. Is m(l) composite?
True
Let p(u) = -u**2 - 25*u - 18. Let o be p(-23). Suppose -53 = -d - 0*g + 4*g, -5*d - 4*g + 241 = 0. Let j = d + o. Is j a prime number?
False
Let f(g) be the third derivative of 42*g**2 + 0*g - 3/8*g**4 - 1/2*g**3 + 0 - 1/120*g**6 + 1/5*g**5. Is f(11) composite?
False
Is ((-572)/99)/26 + (-5846033)/(-9) prime?
True
Let z be 3*(34/15 + (-2)/(-5)). Let t be z/(-20) - 1088/5. Let j = 355 - t. Is j a prime number?
False
Let q(h) = 4*h. Let j be 18/(-4) + (-15)/(-10). Let k be q(j). Is 1138/1 + k/(-4) prime?
False
Suppose 44*x - 121182320 = -68*x. Is x a prime number?
False
Let i = -33 + 71. Suppose 16386 = -i*g + 44*g. Is g composite?
False
Let s = 481254 + -78121. Is s a composite number?
False
Let s(a) = 69*a + 2780. Let b be s(-40). Let q(o) be the second derivative of 7*o**3/2 + 59*o**2/2 - o. Is q(b) a composite number?
False
Let h(d) = 7*d + 1265. Let t(b) = -20*b - 3794. Let z(i) = -17*h(i) - 6*t(i). Is z(0) prime?
True
Suppose -4*q = -2*q - 8*q. Suppose q = 4*g - 6*g + 10. Suppose g*l = 2800 - 1035. Is l composite?
False
Let g be (12/10)/((-7)/(280/(-12))). Let n be (g/12)/((-5)/(-75)). Suppose -15 = -5*z, -n*z + 644 + 76 = 3*u. Is u composite?
True
Let y(p) = 2*p - 5. Let l be y(5). Let r be (6/l - 0)/((-9)/(-60)). Let m(s) = 60*s - 11. Is m(r) a prime number?
False
Is -8 + 102/12 + 15/6 prime?
True
Suppose -661*z - 69786084 = -1033*z. Is z composite?
False
Suppose -3*r + 241842 = 3*t, r + 21*t = 18*t + 80624. Is r prime?
False
Let p(g) = g**3 - 84*g**2 + 392*g + 128. Is p(81) composite?
False
Suppose 4*f - 7*f + 21 = 0. Let s(k) = 13*k**2 + 9 - 75*k + 70*k - 5*k**2 - k**3. Is s(f) a composite number?
False
Let u(i) = -12891*i - 243. Let g be u(-10). Is 12/8 - g/(-6) a prime number?
False
Let v be 2/(3/524*(-176)/858). Let w = v + 6564. Is w composite?
False
Suppose -g + 491 = -m, -1094 = 2*m + g - 100. Let u = -164 - m. Is u composite?
False
Let i(y) = -y**3 - 9*y**2 + 3*y - 16. Let j be i(-7). Is (-9)/(j/(-3395))*-3 composite?
True
Let j = 237 + 608. Suppose -s = -4*m + 815, 4*m + 4*s + s = j. Is m a composite number?
True
Is 14/(-6 - -8) - -47514 a composite number?
False
Let o(d) = 8168*d**2 + 5*d + 3. Let c be o(-1). Let y(q) = q**2 - q + 9. Let v be y(0). Suppose v*t - c = 6675. Is t a prime number?
False
Suppose t - 4*t + 25 = 4*w, -2*t - 4*w = -22. Suppose -t*u + 5*u + 42 = 0. Let a(g) = -g**3 - 22*g**2 - 30*g + 26. Is a(u) a composite number?
True
Let l be (-9)/(-15) + 3 - 16/(-40). Is l - (-8)/((-64)/(-156936)) a prime number?
False
Let r be 1 + (8/20 - (-7)/(-5)). Suppose r = 21*s - 20*s + 2298. Let n = s - -3253. Is n a composite number?
True
Let h(d) be the third derivative of d**5/60 - 3*d**4/8 + 2*d**3 - 14*d**2. Let k be h(8). Suppose 2*l = k*a - 508, -a - 4*l - 17 + 144 = 0. Is a composite?
False
Let p be 5 - (3/(-6) - (-77290)/20). Let m = -2170 - p. Is m prime?
False
Let x = -488766 - -736345. Is x prime?
True
Let b(x) = 204*x**3 - 5*x**2 - 43*x - 27. Is b(8) prime?
False
Let y = -1340 + 2238. Let i = y + -225. Is i a prime number?
True
Suppose 74*l - 68*l - 6906 = 0. Is (l/(-2))/(0 + (-10)/20) a composite number?
False
Let b be -4*4/(-8) + 3. Suppose 0 = -b*z + 42 - 17, 2*x + 4*z = 3978. Let f = 4392 - x. Is f composite?
True
Let w(t) = 3*t**3 - 12*t**2 + 16*t + 5. Let z be w(19). Let x = -11093 + z. Is x a composite number?
True
Suppose 30 = 135*x - 140*x. Is (x + -2497)/(-1 + 0)*1 a composite number?
False
Suppose -z = -0*z - 44. Let a = -36 + z. Suppose a*h + 268 = 10*h. Is h composite?
True
Let c(d) = d**2 + d - 1. Let z(l) = 13*l**2 + 10*l + 22. Let i(x) = -6*c(x) + z(x). Is i(-15) composite?
False
Suppose -6*x = -0*x - 420. Is (63854/x)/((-1)/(-5)) prime?
True
Suppose 4*z - 3*b - 16667 = 0, -z - 5*b + 16659 = 3*z. Let u = z - 2319. Is u prime?
True
Let v(l) = 9*l**2 + 47*l - 96. Let j(f) = 5*f**2 + 23*f - 49. Let z(g) = 9*j(g) - 4*v(g). Is z(13) a composite number?
True
Suppose 112*r + 12318 = 115*r. Is -1*r*(-10)/12*3 a prime number?
False
Suppose -100*h = -115*h - 1920. Let r = 539 - 300. Let u = h + r. Is u composite?
True
Let h(s) = -s**2 + 9*s - 5. Let q be h(8). Suppose 2*i - 28 = q*n, 3*n - 34 = -2*i + 6. Suppose -595 = 12*j - i*j. Is j a prime number?
False
Let h(d) = -680*d - 1603. Is h(-16) composite?
False
Is 254864 + (-60)/50*(-5)/(-3) - 5 prime?
True
Let h = 1579419 + 1061578. Is h composite?
False
Let p(i) = i**3 + 4*i**2 - 3*i + 4. Let z be p(-4). Let f be (4 - -8)*(-10)/(-30). Suppose -4*l + f + z = 0, -271 = -3*v + 4*l. Is v a prime number?
True
Let w be (((-1135552)/(-24))/(-11))/((-2)/12). Suppose -11284 - w = -12*r. Is r a composite number?
True
Suppose -9*q + 24298 = -116705. Suppose 991 = -4*w + q. Is w a composite number?
True
Let k = -391890 + 559091. Is k a composite number?
True
Suppose 7*d - 444 = 5*d + 4*j, -5*d = -2*j - 1110. Suppose d*k + 17437 = 229*k. Is k prime?
False
Let y(f) = 7 - 8 + 96*f - 1 - 5. Let t = -9 + 11. Is y(t) prime?
False
Is (7*(-4)/28)/((-3)/44466) prime?
False
Suppose 0 = -11*u - 21*u - 2*u + 9596534. Is u prime?
False
Let o(h) = h**2 + 2*h - 83. Let i be o(-10). Is (-9 - -5 - -5)*i + 13912 composite?
True
Let j(p) = -32*p**2 - 4*p + 3. Let r(x) = 97*x**2 + 12*x - 9. Let f(o) = 17*j(o) + 6*r(o). Let d be f(1). Is 314685/d - 6/(-39) a composite number?
False
Let c be (-89 - -83)/(-1 + 1318/1319). Suppose -4*u = 2*u - c. Is u a composite number?
False
Let l be ((-21)/(-14))/((-51)/(-30566)). Let c be 2/8 - (-6447)/(-12). Let b = l + c. Is b a prime number?
False
Let l(t) = 67 + 60 + 33 + 23 - 142*t. Let c(a) = -213*a + 274. Let n(b) = 5*c(b) - 8*l(b). Is n(21) prime?
False
Let y = 42 - 49. Let r(m) = -5*m**3 + 17*m**2 + 3*m + 4. Is r(y) prime?
True
Let h(u) = 2*u**2 - 14*u + 7. Let x be h(7). Suppose -x*v = -5*v - 4426. Is v prime?
True
Suppose -4*w + 5 = -3, 2*i - 289660 = -w. Is i composite?
False
Suppose -5*w + 10 = -2*s, -5*w - 5*s - 25 = -8*w. Suppose w = -16*l + 11*l + 30. Is (1 + l)*1132/14 prime?
False
Suppose 4*i - 5*i - 5*j + 17 = 0, 0 = 2*i + 5*j - 29. Suppose -i*x + 5749 = 865. Is x prime?
False
Is ((-2 - 6) + -227731 - 0)/(-3) composite?
False
Suppose 0 = -16*l - 122*l + 20080518. Is l prime?
True
Suppose 275*s - 257*s - 779916 = 907494. Is s prime?
False
Let r(l) = -9*l**3 - 19*l**2 + 22*l + 1. Let t(x) = 2*x**3 + x. Let z(u) = r(u) + 4*t(u). Is z(-21) a composite number?
False
Let z(i) = 44045*i**2 - 11*i - 9. Is z(-1) prime?
False
Suppose -349*d - 26484 = -353*d. Let t = 2282 + d. Is t prime?
False
Let w(q) = -2*q**2 - 22*q + 46. Let s be w(-13). Is 4 + (-1)/(-2) + (-9987)/s composite?
False
Let m(p) = 186*p**2 - 23*p - 55. Let j be m(23). Suppose j = 14*k + 15168. Is k a composite number?
False
Let y = 134990 - 50551. Is y composite?
True
Suppose 32*k - 119*k = -55*k - 683168. Is k composite?
True
Let d(j) = 44*j**2 - 12*j + 31. Let b be (6/(-7))/((-12)/84). Is d(b) a prime number?
True
Let o be ((-18)/24)/(1/(-4)). Suppose -5*s - 3*m + 3442 = 0, -m = -2 + o. Let g = s - 190. Is g a prime number?
True
Let d = 1444054 + -229205. Is d a composite number?
False
Suppose -13033455 + 7555572 = -489*g + 72680454. Is g a prime number?
True
Suppose 1132 = 5*x - 7218. Suppose 1157 = q - x. Is q a prime number?
False
Let i be ((-10)/8)/(17/(-34884)). Let c = -446 + i. Is c prime?
False
Let x = 4 + 9. Let m be 78/(-4)*-2*x*-1. Let p = -284 - m. Is p prime?
True
Let s be 10/(-40) + (-467)/4. Let t = 2002 - s. Suppose 5*n - 3*x = 3722, -2*n - 628 = x - t. Is n composite?
True
Suppose 32970 = 11*l - 6*l. Suppose -4*q + l + 6842 = 0. Is q prime?
True
Suppose 2*l = 4*r + 4, -3*l + 2*l + 2 = 3*r. Suppose r = 5*j - 2190 - 1525. Suppose -3*m - 1474 = -5*m + p, 0 = m + p - j. Is m prime?
True
Suppose -5*a = -3*r - 2186, -r + 1